
Let a(z) = -38*z**2 + 33*z - 34. Give a(1).
-39
Let r(h) = -22*h - 539. Give r(-24).
-11
Let d(l) = -332*l - 667. What is d(-2)?
-3
Let y(p) = -p**2 + 4*p + 7. Calculate y(4).
7
Let h(t) = t**2 - 179*t - 6038. Calculate h(-29).
-6
Let l(b) = -222*b + 21978. What is l(99)?
0
Let q(g) = g**3 + 48*g**2 + 348*g - 26. Calculate q(-9).
1
Let x(t) = t**2 + 125*t + 3802. Give x(-73).
6
Let v(r) = -r**3 + 17*r**2 + 44*r - 83. What is v(19)?
31
Let r(l) = -l**2 - 53*l + 15038. Give r(99).
-10
Let p(o) = 2*o**2 + 38*o - 59. Determine p(-22).
73
Let s(o) = 6*o**3 + 66*o**2 + 101*o + 1095. Determine s(-11).
-16
Let n(r) = -514*r + 6660. Calculate n(13).
-22
Let z(s) = 6*s**3 + 3*s**2 + 18*s - 21. Calculate z(2).
75
Let a(g) = 50*g + 351. Determine a(-22).
-749
Let o(x) = 87*x - 148. Determine o(7).
461
Let i(m) = -m**3 + 7*m**2 - 8*m + 15. Calculate i(5).
25
Let w(l) = -275*l**2 - 57477*l - 410. Calculate w(-209).
8
Let j(b) = 3*b - 3. Determine j(5).
12
Let o(r) = -73*r + 268. What is o(0)?
268
Let a(y) = 5780*y - 92460. Calculate a(16).
20
Let b(c) = -3*c**2 - 82*c + 482. Give b(7).
-239
Let p(l) = -11*l**2 - 335*l + 942. Calculate p(-33).
18
Let q(c) = -659*c + 1986. What is q(3)?
9
Let r(y) = 6*y**2 + 1054*y + 3108. Determine r(-3).
0
Let c(l) = -l**3 - 17*l**2 + 25*l - 44. Calculate c(-19).
203
Let o(a) = a**3 - 8*a**2 - 4*a + 9. Give o(7).
-68
Let r(i) = -2*i**2 + 40*i - 15. Give r(20).
-15
Let a(r) = 5*r**3 - 1268*r**2 - 1783*r - 507. Determine a(255).
3
Let a(r) = -321*r - 1922. What is a(-6)?
4
Let m(r) = 31*r**3 + 6*r**2 - 15*r + 1. Give m(-1).
-9
Let k(w) = -103*w - 922. Give k(-9).
5
Let m(g) = -1455*g + 72732. Calculate m(50).
-18
Let z(q) = -q**2 - 24*q + 226. Calculate z(-31).
9
Let t(g) = -2259*g + 18. Calculate t(0).
18
Let p(i) = -i**2 + 110*i - 1745. What is p(19)?
-16
Let g(o) = -112*o**2 + 456*o - 28. What is g(4)?
4
Let b(y) = y**2 + 6*y + 9. Calculate b(-13).
100
Let o(r) = -14*r**2 - 292*r + 10. Determine o(-21).
-32
Let y(b) = -45*b**2 - 16*b + 28. Calculate y(-1).
-1
Let b(f) = f**3 + 17*f**2 + 73*f + 13. Calculate b(-9).
4
Let r(y) = 2*y**3 + 22*y**2 + 27*y + 42. Calculate r(-10).
-28
Let u(v) = -v**3 + 15*v**2 - 7*v + 54. Determine u(16).
-314
Let h(d) = 77*d - 227. Give h(9).
466
Let r(h) = 513*h + 1540. Calculate r(-3).
1
Let h(s) = -2*s**3 + 578*s**2 + 7855*s + 29. What is h(-13)?
-10
Let k(l) = -l**3 - 23*l**2 - 32*l - 53. What is k(-21)?
-263
Let t(y) = 3725*y - 26130. Give t(7).
-55
Let q(l) = -2*l + 39. Give q(40).
-41
Let v(q) = 2*q**3 + 157*q**2 + 230*q - 152. What is v(-77)?
-75
Let j(f) = -74*f - 417. What is j(-6)?
27
Let a(d) = 20*d**2 - 679*d - 32. Calculate a(34).
2
Let j(z) = 11*z**2 + 296*z + 6. Determine j(-27).
33
Let t(j) = -83*j - 142. Determine t(-2).
24
Let q(k) = -7*k**2 + 638*k + 1913. What is q(-3)?
-64
Let m(q) = 3*q**2 + 83*q - 262. Calculate m(3).
14
Let a(p) = -24*p**3 + 6*p**2 + 52*p - 223. Give a(4).
-1455
Let d(r) = -3*r + 159. Determine d(30).
69
Let s(f) = 2*f**2 - 44*f - 124. What is s(27)?
146
Let q(x) = -x**3 - 6*x**2 - 21*x - 9. Give q(-5).
71
Let p(x) = x**2 + 173*x - 431. Determine p(-176).
97
Let m(d) = 21*d**2 + 7*d - 194. Calculate m(6).
604
Let x(s) = 3*s**2 - 34*s - 166. Determine x(14).
-54
Let j(u) = -13*u**2 - 20*u + 41. Give j(2).
-51
Let y(i) = -2*i**3 - 61*i**2 - 166*i + 4. Determine y(-3).
7
Let l(m) = m**3 + 17*m**2 + 25*m + 21. Determine l(-6).
267
Let w(x) = -x**3 - 10*x**2 + 20*x + 57. Give w(-9).
-204
Let u(x) = -3*x**2 - 243*x + 3044. Give u(-92).
8
Let r(s) = 1975*s - 1978. Calculate r(1).
-3
Let y(f) = -54*f - 2648. What is y(-49)?
-2
Let z(p) = -3*p**2 + 359*p - 2572. Determine z(112).
4
Let u(p) = -2*p**2 - 13*p + 41. Calculate u(-14).
-169
Let w(a) = a**3 + 49*a**2 + 328*a - 3. Determine w(-41).
-3
Let z(n) = -n**2 - 14*n + 68. Determine z(4).
-4
Let a(s) = -s**2 + 16*s - 30. Give a(14).
-2
Let z(v) = v**3 - 44*v**2 + 83*v + 36. Give z(42).
-6
Let v(p) = -122*p + 40. What is v(-8)?
1016
Let v(n) = -45*n + 4866. What is v(104)?
186
Let q(y) = 6*y**2 - 14*y - 12. What is q(10)?
448
Let k(t) = -35*t - 23. Calculate k(-5).
152
Let v(f) = 16*f + 76. What is v(-4)?
12
Let f(u) = u**3 - 3*u**2 - 460*u - 52. Calculate f(23).
-52
Let g(p) = p**3 + 32*p**2 + 33*p + 66. What is g(-31)?
4
Let d(j) = -j**2 - 14*j - 41. Determine d(-9).
4
Let j(p) = -2*p**2 - 37*p + 4114. Give j(37).
7
Let y(g) = -g**3 - 3*g**2 + 46*g + 138. Calculate y(-7).
12
Let k(l) = -l + 334. Determine k(-50).
384
Let o(i) = -3*i - 35. Calculate o(7).
-56
Let u(k) = k**3 - 2*k**2 + 2*k + 6. Determine u(3).
21
Let h(y) = y**2 - 24*y - 50. Give h(25).
-25
Let s(h) = -8*h**2 + 32*h - 11. What is s(4)?
-11
Let m(y) = -8*y**2 - 215*y - 71. Calculate m(-26).
111
Let r(j) = 92*j**3 + 3*j**2 + 2*j - 2. Calculate r(1).
95
Let o(m) = -159*m + 52. Determine o(1).
-107
Let a(z) = -z**3 - 4*z**2 + 28*z + 120. What is a(-4)?
8
Let a(r) = -r**3 + 73*r**2 - 66*r - 427. What is a(72)?
5
Let b(r) = -7*r**2 + 67*r - 146. Calculate b(5).
14
Let f(y) = -36*y - 598. What is f(-15)?
-58
Let f(o) = -o**2 - 119*o - 1564. Calculate f(-105).
-94
Let j(g) = g**3 + 6*g**2 - g + 138. Give j(-8).
18
Let j(i) = 11824*i - 11824. Determine j(1).
0
Let d(i) = -7*i**3 - 2*i**2 - 3*i + 2. Determine d(2).
-68
Let u(r) = r**3 + 13*r**2 - 40*r - 46. Determine u(-15).
104
Let j(m) = 2*m**3 + 2*m**2 + m. Give j(3).
75
Let m(k) = -12*k + 127. Determine m(14).
-41
Let b(o) = 7*o**3 + 2*o**2 - o + 2. Calculate b(-2).
-44
Let a(j) = j**3 - 10*j**2 - 31*j + 190. Determine a(11).
-30
Let u(r) = -r**2 + 2*r - 19. What is u(4)?
-27
Let y(q) = -q**2 + 282*q + 2871. Calculate y(-10).
-49
Let b(d) = -d**3 + 139*d**2 - 159*d + 2895. What is b(138)?
-3
Let i(m) = m**2 + 319*m + 22463. Give i(-214).
-7
Let d(b) = -2*b**3 - 27*b**2 - 21*b - 129. Calculate d(-13).
-25
Let m(d) = -4*d**2 + 208*d + 1. Calculate m(52).
1
Let c(s) = -2*s**3 - 15*s - 50. Give c(0).
-50
Let n(l) = 42*l**2 + 485*l - 484. Give n(1).
43
Let y(c) = 55*c - 2463. What is y(45)?
12
Let w(h) = 28*h - 23. Determine w(-1).
-51
Let w(k) = -26*k + 5. Calculate w(-15).
395
Let d(y) = 5*y**3 - 324*y**2 - 63*y - 255. Determine d(65).
-125
Let v(z) = -107*z**2 + 14*z - 12. Give v(1).
-105
Let z(k) = -137*k - 3456. Determine z(-25).
-31
Let b(j) = j**3 - 7*j**2 - 5*j - 76. Determine b(7).
-111
Let l(i) = 39*i - 1576. What is l(40)?
-16
Let b(p) = p**3 + 6*p**2 + 6*p - 78. What is b(-6)?
-114
Let k(w) = w**3 - w**2 - 4. Give k(-6).
-256
Let t(w) = -w**3 - 3*w**2 + 27*w + 1037. Calculate t(10).
7
Let f(x) = 6*x**3 + 1398*x**2 + 3*x + 688. What is f(-233)?
-11
Let a(y) = -49*y**2 - 3581*y - 292. Determine a(-73).
0
Let r(h) = -5*h**3 + 4*h**2 - 4*h + 3. Determine r(3).
-108
Let m(b) = -b**2 - 44*b - 149. Determine m(-42).
-65
Let s(a) = -5*a**3 - 896*a**2 - 179*a + 1. Give s(-179).
1
Let s(l) = -l**2 - 13*l + 607. Determine s(-32).
-1
Let l(h) = -3*h**3 + 13*h - 4. Determine l(3).
-46
Let x(m) = 69*m**3 - m**2 - 3*m - 3. Give x(-1).
-70
Let s(u) = -365*u + 3284. Give s(9).
-1
Let x(u) = 4*u**3 - 6*u**2 + 9*u - 3. Give x(2).
23
Let a(f) = 93*f + 217. What is a(-3)?
-62
Let v(t) = -t**3 + 4*t**2 + 10*t + 96. Calculate v(8).
-80
Let n(c) = 46*c**2 - 642*c - 18. Give n(14).
10
Let o(c) = -2*c**3 - 43*c**2 - 18*c + 69. Give o(-21).
6
Let j(o) = -o**2 - 31*o - 65. Calculate j(-27).
43
Let h(x) = -1304*x - 39138. Determine h(-30).
-18
Let r(c) = -c**3 - 5*c**2 + 30*c + 60. Give r(-8).
12
Let n(r) = -157*r**2 - 1101*r - 5. Calculate n(-7).
9
Let a(i) = -47*i + 613. Calculate a(12).
49
Let w(q) = -3*q**2 + 3*q + 103. Give w(11).
-227
Let s(l) = -8*l**3 + 2242*l**2 - 566*l + 1681. Determine s(280).
1
Let c(g) = 1777*g - 1588. Calculate c(1).
189
Let p(g) = g**3 - 8*g**2 - 16*g + 28. Calculate p(9).
-35
Let o(h) = 9*h**3 - 125*h**2 - 14*h + 1. What is o(14)?
1
Let m(z) = -7*z**2 - 309*z + 4176. What is m(-55)?
-4
Let n(i) = 5*i**2 - 52*i - 3454. Determine n(32).
2
Let l(u) = -4*u**2 - 128*u + 190. What is l(-33)?
58
Let y(m) = m**2 - 55*m - 277. Determine y(63).
227
Let b(f) = -59*f**2 + 999*f - 37. What is b(17)?
-105
Let w(c) = -1666*c + 38328. Calculate w(23).
10
Let c(k) = 21*k**2 - 33*k + 5. Give c(3).
95
Let o(u) = 10*u - 236. Calculate o(47).
234
Let p(v) = v**3 - 16*v**2 + 37*v + 72. What is p(12)?
-60
